{"version":"1.0","type":"rich","provider_name":"Mon village invite l&#8217;humour","provider_url":"https:\/\/www.monvillageinvitelhumour.com","title":"le mot de Jean-Christian Fraiscinet","author_name":"Mon Village Invite l&#8217;Humour","width":"600","height":"400","url":"https:\/\/www.monvillageinvitelhumour.com\/le-mot-de-Jean-Christian-Fraiscinet.html","html":"\u003Ch4 class='title'\u003E\u003Ca href='https:\/\/www.monvillageinvitelhumour.com\/le-mot-de-Jean-Christian-Fraiscinet.html'\u003Ele mot de Jean-Christian Fraiscinet\u003C\/a\u003E\u003C\/h4\u003E\u003Cblockquote class='spip'\u003E\u003Cp\u003EJean-Christian Fraiscinet (les Bodin&#8217;s), a accept\u00e9 d&#8217;\u00eatre le parrain artistique de cette premi\u00e8re \u00e9dition de &#171;&nbsp;Mon Village Invite l&#8217;Humour&nbsp;&#187;, le 1er Festival d&#8217;humour Itin\u00e9rant invit\u00e9 dans votre village.\u003C\/p\u003E\u003C\/blockquote\u003E\n"}

<h4 class='title'><a href='https://www.monvillageinvitelhumour.com/le-mot-de-Jean-Christian-Fraiscinet.html'>le mot de Jean-Christian Fraiscinet</a></h4><blockquote class='spip'><p>Jean-Christian Fraiscinet (les Bodin&#8217;s), a accepté d&#8217;être le parrain artistique de cette première édition de &#171;&nbsp;Mon Village Invite l&#8217;Humour&nbsp;&#187;, le 1er Festival d&#8217;humour Itinérant invité dans votre village.</p></blockquote>
