{"version":"1.0","type":"rich","provider_name":"Mon village invite l&#8217;humour","provider_url":"https:\/\/www.monvillageinvitelhumour.com","title":"L\u2019humour s\u2019\u00e9tait invit\u00e9 au village","author_name":"Mon Village Invite l&#8217;Humour","width":"600","height":"400","url":"https:\/\/www.monvillageinvitelhumour.com\/L-humour-s-etait-invite-au-village.html","html":"\u003Ch4 class='title'\u003E\u003Ca href='https:\/\/www.monvillageinvitelhumour.com\/L-humour-s-etait-invite-au-village.html'\u003EL\u2019humour s\u2019\u00e9tait invit\u00e9 au village\u003C\/a\u003E\u003C\/h4\u003E\u003Cblockquote class='spip'\u003E\u003Cp\u003EC\u2019est par l\u2019interm\u00e9diaire du comit\u00e9 d\u2019animation que l\u2019humour \u00e9tait invit\u00e9 \u00e0 la salle des f\u00eates, et il faut clairement avouer que par les temps qui courent, il s\u2019agit bien l\u00e0 d\u2019une th\u00e9rapie de pointe pour redonner un peu de baume au c\u0153ur et \u00e0 l\u2019\u00e2me.\u003C\/p\u003E\u003C\/blockquote\u003E\n"}

L’humour s’était invité au village

<h4 class='title'><a href='https://www.monvillageinvitelhumour.com/L-humour-s-etait-invite-au-village.html'>L’humour s’était invité au village</a></h4><blockquote class='spip'><p>C’est par l’intermédiaire du comité d’animation que l’humour était invité à la salle des fêtes, et il faut clairement avouer que par les temps qui courent, il s’agit bien là d’une thérapie de pointe pour redonner un peu de baume au cœur et à l’âme.</p></blockquote>
